{"id":52034,"date":"2025-07-14T20:48:48","date_gmt":"2025-07-14T18:48:48","guid":{"rendered":"http:\/\/roycebijoux.fr\/?post_type=product&#038;p=52034"},"modified":"2025-07-22T00:19:03","modified_gmt":"2025-07-21T22:19:03","slug":"melia","status":"publish","type":"product","link":"https:\/\/roycebijoux.fr\/?product=melia","title":{"rendered":"M\u00e9lia"},"content":{"rendered":"<table width=\"695\">\n<colgroup>\n<col width=\"695\" \/><\/colgroup>\n<tbody>\n<tr>\n<td class=\"xl37\" width=\"695\" height=\"42\">Bracelet cordon color\u00e9 et ajustable, id\u00e9al pour ajouter une touche boh\u00e8me et l\u00e9g\u00e8re \u00e0 votre style.<\/td>\n<\/tr>\n<\/tbody>\n<\/table>\n","protected":false},"excerpt":{"rendered":"<table width=\"695\">\n<colgroup>\n<col width=\"695\" \/><\/colgroup>\n<tbody>\n<tr>\n<td class=\"xl37\" width=\"695\" height=\"42\">Bracelet cordon color\u00e9 et ajustable, id\u00e9al pour ajouter une touche boh\u00e8me et l\u00e9g\u00e8re \u00e0 votre style.<\/td>\n<\/tr>\n<\/tbody>\n<\/table>\n","protected":false},"featured_media":52353,"comment_status":"open","ping_status":"closed","template":"","meta":[],"product_brand":[],"product_cat":[61],"product_tag":[],"class_list":{"0":"post-52034","1":"product","2":"type-product","3":"status-publish","4":"has-post-thumbnail","6":"product_cat-bracelets","9":"first","10":"instock","11":"shipping-taxable","12":"purchasable","13":"product-type-variable"},"jetpack_sharing_enabled":true,"_links":{"self":[{"href":"https:\/\/roycebijoux.fr\/index.php?rest_route=\/wp\/v2\/product\/52034","targetHints":{"allow":["GET"]}}],"collection":[{"href":"https:\/\/roycebijoux.fr\/index.php?rest_route=\/wp\/v2\/product"}],"about":[{"href":"https:\/\/roycebijoux.fr\/index.php?rest_route=\/wp\/v2\/types\/product"}],"replies":[{"embeddable":true,"href":"https:\/\/roycebijoux.fr\/index.php?rest_route=%2Fwp%2Fv2%2Fcomments&post=52034"}],"wp:featuredmedia":[{"embeddable":true,"href":"https:\/\/roycebijoux.fr\/index.php?rest_route=\/wp\/v2\/media\/52353"}],"wp:attachment":[{"href":"https:\/\/roycebijoux.fr\/index.php?rest_route=%2Fwp%2Fv2%2Fmedia&parent=52034"}],"wp:term":[{"taxonomy":"product_brand","embeddable":true,"href":"https:\/\/roycebijoux.fr\/index.php?rest_route=%2Fwp%2Fv2%2Fproduct_brand&post=52034"},{"taxonomy":"product_cat","embeddable":true,"href":"https:\/\/roycebijoux.fr\/index.php?rest_route=%2Fwp%2Fv2%2Fproduct_cat&post=52034"},{"taxonomy":"product_tag","embeddable":true,"href":"https:\/\/roycebijoux.fr\/index.php?rest_route=%2Fwp%2Fv2%2Fproduct_tag&post=52034"}],"curies":[{"name":"wp","href":"https:\/\/api.w.org\/{rel}","templated":true}]}}