{"id":51637,"date":"2025-06-25T23:20:00","date_gmt":"2025-06-25T21:20:00","guid":{"rendered":"http:\/\/roycebijoux.fr\/?post_type=product&#038;p=51637"},"modified":"2025-08-07T17:24:55","modified_gmt":"2025-08-07T15:24:55","slug":"harlow","status":"publish","type":"product","link":"https:\/\/roycebijoux.fr\/?product=harlow","title":{"rendered":"Harlow"},"content":{"rendered":"<p>Bracelet en tissu color\u00e9 et ajustable, id\u00e9al pour ajouter une touche boh\u00e8me et l\u00e9g\u00e8re \u00e0 votre style.<\/p>\n","protected":false},"excerpt":{"rendered":"<p>Bracelet en tissu color\u00e9 et ajustable, id\u00e9al pour ajouter une touche boh\u00e8me et l\u00e9g\u00e8re \u00e0 votre style.<\/p>\n","protected":false},"featured_media":52550,"comment_status":"open","ping_status":"closed","template":"","meta":[],"product_brand":[],"product_cat":[61],"product_tag":[],"class_list":{"0":"post-51637","1":"product","2":"type-product","3":"status-publish","4":"has-post-thumbnail","6":"product_cat-bracelets","9":"first","10":"instock","11":"shipping-taxable","12":"purchasable","13":"product-type-variable"},"jetpack_sharing_enabled":true,"_links":{"self":[{"href":"https:\/\/roycebijoux.fr\/index.php?rest_route=\/wp\/v2\/product\/51637","targetHints":{"allow":["GET"]}}],"collection":[{"href":"https:\/\/roycebijoux.fr\/index.php?rest_route=\/wp\/v2\/product"}],"about":[{"href":"https:\/\/roycebijoux.fr\/index.php?rest_route=\/wp\/v2\/types\/product"}],"replies":[{"embeddable":true,"href":"https:\/\/roycebijoux.fr\/index.php?rest_route=%2Fwp%2Fv2%2Fcomments&post=51637"}],"wp:featuredmedia":[{"embeddable":true,"href":"https:\/\/roycebijoux.fr\/index.php?rest_route=\/wp\/v2\/media\/52550"}],"wp:attachment":[{"href":"https:\/\/roycebijoux.fr\/index.php?rest_route=%2Fwp%2Fv2%2Fmedia&parent=51637"}],"wp:term":[{"taxonomy":"product_brand","embeddable":true,"href":"https:\/\/roycebijoux.fr\/index.php?rest_route=%2Fwp%2Fv2%2Fproduct_brand&post=51637"},{"taxonomy":"product_cat","embeddable":true,"href":"https:\/\/roycebijoux.fr\/index.php?rest_route=%2Fwp%2Fv2%2Fproduct_cat&post=51637"},{"taxonomy":"product_tag","embeddable":true,"href":"https:\/\/roycebijoux.fr\/index.php?rest_route=%2Fwp%2Fv2%2Fproduct_tag&post=51637"}],"curies":[{"name":"wp","href":"https:\/\/api.w.org\/{rel}","templated":true}]}}